{"id":7,"date":"2018-06-10T20:22:17","date_gmt":"2018-06-10T20:22:17","guid":{"rendered":"http:\/\/arabofriesen.at\/?page_id=7"},"modified":"2026-01-26T07:27:05","modified_gmt":"2026-01-26T07:27:05","slug":"kontakt","status":"publish","type":"page","link":"https:\/\/arabofriesen.at\/index.php\/kontakt\/","title":{"rendered":"IMPRESSUM\/KONTAKT"},"content":{"rendered":"<h1 style=\"text-align: center;\"><strong>Impressum\/Kontakt<\/strong><\/h1>\n<p style=\"text-align: center;\">Gerne k\u00f6nnen Sie uns bei etwaigen Fragen telefonisch oder auch via E-Mail kontaktieren.<\/p>\n<p style=\"text-align: center;\">Friedhelm Hanusch<br \/>\n5142 Feldkirchen bei Mattighofen<br \/>\n\u00d6sterreich\/Austria<\/p>\n<p style=\"text-align: center;\">E-Mail: lw-hanusch@a1.net<br \/>\nTel.: +43 (0) 664 307 35 25<\/p>\n<p style=\"text-align: center;\"><div id=\"wpgmza_map\" class=\"wpgmza_map\" data-settings='{\"id\":\"1\",\"map_title\":\"New Map\",\"map_width\":\"80\",\"map_height\":\"300\",\"map_start_lat\":\"48.99477284090892\",\"map_start_lng\":\"13.052755632631175\",\"map_start_location\":\"45.950464398418106,-109.81550500000003\",\"map_start_zoom\":\"6\",\"default_marker\":\"\",\"type\":\"0\",\"alignment\":\"4\",\"directions_enabled\":\"0\",\"styling_enabled\":\"0\",\"styling_json\":\"\",\"active\":\"0\",\"kml\":\"\",\"bicycle\":\"0\",\"traffic\":\"0\",\"dbox\":\"0\",\"dbox_width\":\"\",\"listmarkers\":\"0\",\"listmarkers_advanced\":\"0\",\"filterbycat\":\"0\",\"ugm_enabled\":\"0\",\"ugm_category_enabled\":\"0\",\"fusion\":\"\",\"map_width_type\":\"%\",\"map_height_type\":\"px\",\"mass_marker_support\":\"0\",\"ugm_access\":\"0\",\"order_markers_by\":\"0\",\"order_markers_choice\":\"0\",\"show_user_location\":\"0\",\"default_to\":\"\",\"other_settings\":{\"map_type\":1,\"sl_stroke_color\":\"\",\"sl_fill_color\":\"\",\"sl_stroke_opacity\":\"\",\"sl_fill_opacity\":\"\",\"transport_layer\":false,\"action\":\"wpgmza_save_map\",\"redirect_to\":\"\\\/wp-admin\\\/admin-post.php\",\"map_id\":\"1\",\"http_referer\":\"\\\/wp-admin\\\/admin.php?page=wp-google-maps-menu&amp;amp;action=edit&amp;amp;map_id=1\",\"wpgmza_id\":\"1\",\"wpgmza_start_location\":\"48.99477284090892,13.052755632631175\",\"wpgmza_start_zoom\":\"4\",\"store_locator_enabled\":false,\"store_locator_search_area\":\"radial\",\"wpgmza_store_locator_radius_style\":\"legacy\",\"wpgmza_store_locator_default_radius\":\"10\",\"store_locator_auto_area_max_zoom\":\"\",\"store_locator_distance\":false,\"wpgmza_store_locator_position\":false,\"store_locator_show_distance\":false,\"store_locator_category\":false,\"wpgmza_store_locator_use_their_location\":false,\"wpgmza_store_locator_bounce\":false,\"wpgmza_sl_animation\":null,\"wpgmza_store_locator_hide_before_search\":false,\"store_locator_query_string\":\"\",\"store_locator_default_address\":\"\",\"store_locator_name_search\":false,\"store_locator_name_string\":\"\",\"store_locator_not_found_message\":\"\",\"wpgmza_map_align\":\"2\",\"jump_to_nearest_marker_on_initialization\":false,\"automatically_pan_to_users_location\":false,\"override_users_location_zoom_level\":false,\"override_users_location_zoom_levels\":\"\",\"show_distance_from_location\":false,\"map_max_zoom\":\"21\",\"map_min_zoom\":\"0\",\"click_open_link\":false,\"fit_maps_bounds_to_markers\":false,\"fit_maps_bounds_to_markers_after_filtering\":false,\"hide_point_of_interest\":false,\"wpgmza_zoom_on_marker_click\":false,\"wpgmza_zoom_on_marker_click_slider\":\"\",\"close_infowindow_on_map_click\":false,\"disable_lightbox_images\":false,\"use_Raw_Jpeg_Coordinates\":false,\"polygon_labels\":false,\"disable_polygon_info_windows\":false,\"enable_marker_ratings\":false,\"only_load_markers_within_viewport\":false,\"iw_primary_color\":\"\",\"iw_accent_color\":\"\",\"iw_text_color\":\"\",\"wpgmza_listmarkers_by\":\"0\",\"wpgmza_marker_listing_position\":false,\"datatable_no_result_message\":\"\",\"remove_search_box_datables\":false,\"dataTable_pagination_style\":null,\"datatable_search_string\":\"\",\"datatable_result_start\":\"\",\"datatable_result_of\":\"\",\"datatable_result_to\":\"\",\"datatable_result_total\":\"\",\"datatable_result_show\":\"\",\"datatable_result_entries\":\"\",\"wpgmza_savemap\":\"Karte speichern \\u00bb\"}}' data-map-id='1' Data-maps-engine='open-layers' data-shortcode-attributes='{\"id\":\"1\"}' style=\"display:block; overflow:auto; width:80%; height:300px; margin-left:auto !important; margin-right:auto; !important; align:center;\"><\/div><\/p>\n<hr \/>\n<h6><strong>Rechtshinweis:<\/strong><br \/>\nFriedhelm Hanusch Landwirtschaft kontrolliert und aktualisiert die Informationen auf ihrer Webseite st\u00e4ndig. Trotz aller Genauigkeit k\u00f6nnen sich die Daten inzwischen ver\u00e4ndert haben, daher kann keine Haftung oder Garantie f\u00fcr die Aktualisierung, Richtigkeit und Vollst\u00e4ndigkeit der zur Verf\u00fcgung gestellten Informationen \u00fcbernommen werden. Gleiches gilt auch f\u00fcr alle anderen Seiten au\u00dferhalb unseres Internetauftrittes, auf die mittels Hyperlink verwiesen wird. Friedhelm Hanusch Landwirtschaft ist f\u00fcr den Inhalt der Websites, die aufgrund einer solchen Verbindung erreicht werden, nicht verantwortlich. Inhalt und Struktur der Webseite von arabofriesen.at sind urheberrechtlich gesch\u00fctzt. Die Vervielf\u00e4ltigung von Informationen oder Daten, insbesondere die Verwendung von Texten, Textteilen oder Bildmaterialien m\u00fcssen vorher durch die Firma Friedhelm Hanusch Landwirtschaft genehmigt werden.<\/h6>\n","protected":false},"excerpt":{"rendered":"<p>Impressum\/Kontakt Gerne k\u00f6nnen Sie uns bei etwaigen Fragen telefonisch oder auch via E-Mail kontaktieren. Friedhelm Hanusch 5142 Feldkirchen bei Mattighofen \u00d6sterreich\/Austria E-Mail: lw-hanusch@a1.net Tel.: +43 (0) 664 307 35 25 Rechtshinweis: Friedhelm Hanusch Landwirtschaft kontrolliert und aktualisiert die Informationen auf ihrer Webseite st\u00e4ndig. Trotz aller Genauigkeit k\u00f6nnen sich die Daten inzwischen ver\u00e4ndert haben, daher kann keine Haftung oder Garantie f\u00fcr die Aktualisierung, Richtigkeit und Vollst\u00e4ndigkeit der zur Verf\u00fcgung gestellten Informationen&hellip;<\/p>\n","protected":false},"author":1,"featured_media":0,"parent":0,"menu_order":0,"comment_status":"closed","ping_status":"closed","template":"","meta":{"footnotes":""},"class_list":["post-7","page","type-page","status-publish","hentry","no-post-thumbnail"],"_links":{"self":[{"href":"https:\/\/arabofriesen.at\/index.php\/wp-json\/wp\/v2\/pages\/7","targetHints":{"allow":["GET"]}}],"collection":[{"href":"https:\/\/arabofriesen.at\/index.php\/wp-json\/wp\/v2\/pages"}],"about":[{"href":"https:\/\/arabofriesen.at\/index.php\/wp-json\/wp\/v2\/types\/page"}],"author":[{"embeddable":true,"href":"https:\/\/arabofriesen.at\/index.php\/wp-json\/wp\/v2\/users\/1"}],"replies":[{"embeddable":true,"href":"https:\/\/arabofriesen.at\/index.php\/wp-json\/wp\/v2\/comments?post=7"}],"version-history":[{"count":44,"href":"https:\/\/arabofriesen.at\/index.php\/wp-json\/wp\/v2\/pages\/7\/revisions"}],"predecessor-version":[{"id":720,"href":"https:\/\/arabofriesen.at\/index.php\/wp-json\/wp\/v2\/pages\/7\/revisions\/720"}],"wp:attachment":[{"href":"https:\/\/arabofriesen.at\/index.php\/wp-json\/wp\/v2\/media?parent=7"}],"curies":[{"name":"wp","href":"https:\/\/api.w.org\/{rel}","templated":true}]}}